{"id":15,"date":"2022-05-03T20:01:07","date_gmt":"2022-05-03T20:01:07","guid":{"rendered":"http:\/\/www.pierwszykrok.info\/?page_id=15"},"modified":"2025-01-21T18:13:59","modified_gmt":"2025-01-21T18:13:59","slug":"strona-glowna","status":"publish","type":"page","link":"https:\/\/www.pierwszykrok.info\/","title":{"rendered":"Strona g\u0142\u00f3wna"},"content":{"rendered":"\n<div class=\"wp-block-image is-style-rounded\"><figure class=\"alignleft is-resized\"><img loading=\"lazy\" src=\"https:\/\/www.pierwszykrok.info\/wp-content\/uploads\/2023\/03\/IMG_9346_pp-5-200x300.jpg\" alt=\"\" class=\"wp-image-392\" width=\"202\" height=\"302\" srcset=\"https:\/\/www.pierwszykrok.info\/wp-content\/uploads\/2023\/03\/IMG_9346_pp-5-200x300.jpg 200w, https:\/\/www.pierwszykrok.info\/wp-content\/uploads\/2023\/03\/IMG_9346_pp-5-683x1024.jpg 683w, https:\/\/www.pierwszykrok.info\/wp-content\/uploads\/2023\/03\/IMG_9346_pp-5-768x1152.jpg 768w, https:\/\/www.pierwszykrok.info\/wp-content\/uploads\/2023\/03\/IMG_9346_pp-5-1024x1536.jpg 1024w, https:\/\/www.pierwszykrok.info\/wp-content\/uploads\/2023\/03\/IMG_9346_pp-5-1365x2048.jpg 1365w, https:\/\/www.pierwszykrok.info\/wp-content\/uploads\/2023\/03\/IMG_9346_pp-5-scaled.jpg 1707w\" sizes=\"(max-width: 202px) 100vw, 202px\" \/><\/figure><\/div>\n\n\n\n<p class=\"has-black-color has-text-color\">Nazywam si\u0119 Ma\u0142gorzata Kaczor. Prowadz\u0119 Gabinet Fizjoterapii Dzieci\u0119cej \u2013 Pierwszy Krok, kt\u00f3ry znajduje si\u0119 w Kro\u015bnie, na terenie wojew\u00f3dztwa podkarpackiego. Jestem magistrem fizjoterapii oraz certyfikowanym terapeut\u0105 Metody NDT Bobath oraz Terapii Czaszkowo- Krzy\u017cowej. Uko\u0144czy\u0142am r\u00f3wnie\u017c podyplomowe studia z przygotowania pedagogicznego. Prywatnie jestem m\u0119\u017catk\u0105 i mam\u0105 tr\u00f3jki dzieci. <\/p>\n\n\n\n<p class=\"has-black-color has-white-background-color has-text-color has-background\">Jeszcze przed rozpocz\u0119ciem studi\u00f3w wiedzia\u0142am, \u017ce swoje \u017cycie chc\u0119 \u0142\u0105czy\u0107 z prac\u0105 z dzie\u0107mi. Po zako\u0144czeniu edukacji na Wydziale Medycznym uczestniczy\u0142am w licznych szkoleniach, regularnie poszerzaj\u0105c wiedz\u0119 z fizjoterapii pediatrycznej. Mam przyjemno\u015b\u0107 pracowa\u0107 z dzie\u0107mi od 2012 roku. Szczeg\u00f3lnie bliskie s\u0105 mi niemowl\u0119ta i dzieci w wieku przedszkolnym. Specjalizuj\u0119 si\u0119 w terapii: zaburze\u0144 psychomotorycznych, koordynacji wzrokowo \u2013 ruchowej, nieprawid\u0142owej postawy cia\u0142a, wad genetycznych oraz zaburze\u0144 neurorozwojowych. <\/p>\n\n\n\n<p class=\"has-text-align-left has-black-color has-white-background-color has-text-color has-background\">W mojej pracy, wiod\u0105c\u0105 terapi\u0105 jest NDT Bobath, ale wykorzystuj\u0119 tak\u017ce wiele innych certyfikowanych i nowoczesnych metod, kt\u00f3re znacz\u0105co wp\u0142ywaj\u0105 na proces poprawy aparatu ruchu, rozwoju psychomotorycznego, zmniejszaj\u0105 poczucie l\u0119ku, poprawiaj\u0105 prac\u0105 uk\u0142adu oddechowego, pokarmowego oraz wp\u0142ywaj\u0105 na normalizacj\u0119 napi\u0119cia mi\u0119\u015bniowego. Szczeg\u00f3ln\u0105 uwag\u0119 po\u015bwi\u0119cam pracy na czaszce i jej strukturach. Wykonuj\u0119 ocen\u0119 i fizjoterapi\u0119 neurorozwojow\u0105 w kontakcie wzrokowym. Wykorzystuj\u0119 tak\u017ce techniki: PNF, Terapii Emmetta, Integracj\u0119 Odruch\u00f3w, Terapi\u0119 Czaszkowo \u2013 Krzy\u017cow\u0105, Tr\u00f3jp\u0142aszczyznow\u0105 terapi\u0119 st\u00f3p, Terapi\u0119 Zoga u dzieci, Terapii Taktylnej oraz Masa\u017c Shantala. Dobieram Aktywne Wk\u0142adki Igli, a tak\u017ce wykorzystuj\u0119 techniki osteopatyczne dla poprawy pracy uk\u0142adu pokarmowego u niemowl\u0105t.<\/p>\n\n\n\n<p class=\"has-black-color has-white-background-color has-text-color has-background\">W gabinecie prowadz\u0119 terapi\u0119 indywidualn\u0105, dobran\u0105 do potrzeb danego pacjenta. Je\u015bli maj\u0105 Pa\u0144stwo ochot\u0119 skorzysta\u0107 z mojej wiedzy, umiej\u0119tno\u015bci i zdobytego przez lata do\u015bwiadczenia, zapraszam na konsultacje i terapi\u0119.<\/p>\n\n\n\n<p><\/p>\n\n\n\n<p><\/p>\n\n\n\n<p><\/p>\n","protected":false},"excerpt":{"rendered":"<p>Nazywam si\u0119 Ma\u0142gorzata Kaczor. Prowadz\u0119 Gabinet Fizjoterapii Dzieci\u0119cej \u2013 Pierwszy Krok, kt\u00f3ry znajduje si\u0119 w Kro\u015bnie, na terenie wojew\u00f3dztwa podkarpackiego. Jestem magistrem fizjoterapii oraz certyfikowanym terapeut\u0105 Metody NDT Bobath oraz Terapii Czaszkowo- Krzy\u017cowej. Uko\u0144czy\u0142am r\u00f3wnie\u017c podyplomowe studia z przygotowania pedagogicznego. Prywatnie jestem m\u0119\u017catk\u0105 i mam\u0105 tr\u00f3jki dzieci. Jeszcze przed rozpocz\u0119ciem [&hellip;]<\/p>\n","protected":false},"author":1,"featured_media":0,"parent":0,"menu_order":0,"comment_status":"closed","ping_status":"closed","template":"","meta":[],"_links":{"self":[{"href":"https:\/\/www.pierwszykrok.info\/index.php\/wp-json\/wp\/v2\/pages\/15"}],"collection":[{"href":"https:\/\/www.pierwszykrok.info\/index.php\/wp-json\/wp\/v2\/pages"}],"about":[{"href":"https:\/\/www.pierwszykrok.info\/index.php\/wp-json\/wp\/v2\/types\/page"}],"author":[{"embeddable":true,"href":"https:\/\/www.pierwszykrok.info\/index.php\/wp-json\/wp\/v2\/users\/1"}],"replies":[{"embeddable":true,"href":"https:\/\/www.pierwszykrok.info\/index.php\/wp-json\/wp\/v2\/comments?post=15"}],"version-history":[{"count":84,"href":"https:\/\/www.pierwszykrok.info\/index.php\/wp-json\/wp\/v2\/pages\/15\/revisions"}],"predecessor-version":[{"id":447,"href":"https:\/\/www.pierwszykrok.info\/index.php\/wp-json\/wp\/v2\/pages\/15\/revisions\/447"}],"wp:attachment":[{"href":"https:\/\/www.pierwszykrok.info\/index.php\/wp-json\/wp\/v2\/media?parent=15"}],"curies":[{"name":"wp","href":"https:\/\/api.w.org\/{rel}","templated":true}]}}